-9)/(-6) + -2). Let h = j + 38. Suppose 16 = -4*c + h. What are the prime factors of c?
5
Suppose -4*n = 5*x - 50, 0 = 3*n + 2*n - x - 48. What are the prime factors of n?
2, 5
Let s = 4 + 0. Suppose s*k = -k, n + 3*k - 5 = 0. Suppose -n*u + 32 = -u. List the prime factors of u.
2
Suppose t + 5 = -0*t. Let m(l) = -2*l + 12. List the prime factors of m(t).
2, 11
List the prime factors of 9 + -3 + 4 + -2.
2
Let c(m) = m**3 + 7*m**2 - m + 4. Suppose 12 = 2*s + 2*s. Suppose 0 = -3*d + 6, -3*d = -p + s - 16. List the prime factors of c(p).
11
Let o = 71 - -327. List the prime factors of o.
2, 199
Suppose 0 = 10*i - 47 - 123. What are the prime factors of i?
17
Suppose 230 = 5*t + o, 0 = -5*t - 5*o + 2*o + 240. What are the prime factors of ((-2)/(-5))/(3/t)?
2, 3
Let p(y) = -y**2 - 10*y - 3. Let f be p(-5). Suppose -q = 5 - f. List the prime factors of q.
17
Let v = 13 + -8. Suppose -v = c - 2*c. List the prime factors of c.
5
Let b = -12 - -15. What are the prime factors of (42/9)/(2/b)?
7
Suppose 3820 = -7*g + 27*g. What are the prime factors of g?
191
Suppose -4*w - 13 + 3 = -2*q, 0 = 2*q + 5*w - 10. Suppose q*i = 22 + 8. List the prime factors of i.
2, 3
Let t be 5/(-2)*(-32)/20. Suppose 0 = 4*m + 9 - 1, -41 = 3*p + t*m. What are the prime factors of (-2)/(1/p*2)?
11
Let v be 4/6 - 8/3. List the prime factors of ((-48)/4)/(3/v).
2
Suppose 0 = r + 5*b - 20, -2*r + 6*r = -b + 4. Let g(t) = -3 + 1 - t + r. What are the prime factors of g(-10)?
2
Let v(a) = 50*a**3 - 3*a**2 + 4*a - 2. List the prime factors of v(2).
2, 197
Suppose 0 = -2*f + 2 + 6, 18 = -5*x + 2*f. Let o be -1 - (x + -1 - -2). Suppose o = -h - h + 24. What are the prime factors of h?
2, 3
Let j(k) = -k**2 - 8*k + 4. Let v(f) = f**2 + f - 6. Let s be v(0). List the prime factors of j(s).
2
Let q be 12/(-20)*10/(-2). Suppose 2*b - 3*d - 32 = -q, 0 = 2*d + 2. What are the prime factors of b?
13
Suppose 4*h + 10 = -h. Let w be 11 + (h - 0 - -3). Suppose 10 = g - 3*a, -4*g + 59 - w = -5*a. What are the prime factors of g?
13
Let s be 90/25*(-10)/(-3). Suppose 5*m - s = 2*m. Suppose -3*r - n + 7 - 2 = 0, -4*r + 12 = -m*n. List the prime factors of r.
2
Let r(d) = -d**3 - 8*d**2 - 8*d. Let t be r(-7). Let l = t + 6. List the prime factors of l.
13
Suppose -5*r + 404 = -r. What are the prime factors of r?
101
Let f(o) be the second derivative of -o**3/6 + 5*o**2/2 - 4*o. Let n be f(5). Suppose -2*p + 6*p - 20 = n. What are the prime factors of p?
5
Let f(o) = o**2 - 6 + o**2 + 7 + 3*o - 7*o**3. Let x be f(-2). Suppose -4*m + x = 4*v - 5, -3*v + 40 = -5*m. List the prime factors of v.
3, 5
What are the prime factors of (0 + -3)/(9/(-30))?
2, 5
Let a = 65 + -31. Let i = 50 - a. What are the prime factors of i?
2
Let y = -5 - -31. What are the prime factors of y?
2, 13
Suppose 5*g - 114 = -49. List the prime factors of g.
13
What are the prime factors of (-36)/7*42/(-9)?
2, 3
Suppose 3*z - 8*z + 40 = 0. Let f = -5 + z. Suppose -26 = -f*n + 5*m, -m = n + 4*m - 22. List the prime factors of n.
2, 3
Suppose 5*i + 3*n - 37 = 0, -3*i + 2*n - 3 = -10. Let x be (-1)/i + 232/(-40). Let s = -4 - x. What are the prime factors of s?
2
Let k = 132 - -25. What are the prime factors of k?
157
What are the prime factors of 390/4 - (-8)/16?
2, 7
Let v(x) = x**3 - 11*x**2 + 9*x + 4. Let c be v(10). List the prime factors of (27/c)/(1/(-2)).
3
Let z(x) be the first derivative of -x**2 - 5*x - 1. Let u be z(-6). Suppose -5*j + 32 = -8*f + 4*f, 5*f + u = -2*j. List the prime factors of j.
2
Suppose 3*c = -2*w - 2*c + 127, -2*c + 112 = 2*w. List the prime factors of w.
3, 17
Suppose -5*k - 1 = 4. Let n be (-6)/(-3) + k - -3. Suppose x + 2*x + n*l = 25, 3*x - 5*l - 16 = 0. List the prime factors of x.
7
Let n = -35 - -50. Suppose -2*j - n = 19. Let o = -10 - j. List the prime factors of o.
7
Let o = -89 - -178. Suppose 3*u - q + 4*q = 54, o = 3*u - 4*q. Suppose 24 = 5*z + k + 7, 5*z - k = u. What are the prime factors of z?
2
Let b = -5 + 13. Suppose -33 = 3*q + 4*v, -4*q - 4*v + b*v - 72 = 0. What are the prime factors of (6/10)/((-1)/q)?
3
Suppose 0 = -4*m - m. Suppose 5*x + 120 + 85 = m. Let r = -29 - x. What are the prime factors of r?
2, 3
Suppose 5*i = 2*j - 66, -4*j - 2*i + 116 = -4*i. What are the prime factors of j?
2, 7
Suppose 6*t - 3*t - 12 = 0. What are the prime factors of (-92)/(-3) + t/(-6)?
2, 3, 5
List the prime factors of (6/4)/((-6)/(-268)).
67
Let v = 1 + 12. Suppose 4*t + 7 + 2 = 3*k, -2*t = -5*k + 15. Suppose t = -z - 0*z + v. What are the prime factors of z?
13
Let x = -9 - -26. What are the prime factors of x?
17
Suppose 3*d = 5*d - 4. Let c be (-1 + 0)/((-2)/d). List the prime factors of (-3 + 5/1)/c.
2
Let k(r) = r**2 + 8*r + 14. What are the prime factors of k(-6)?
2
Let o = 12 - 0. Let t(x) = -2*x - 1. Let l be t(-4). Let d = o - l. List the prime factors of d.
5
Let a(z) be the third derivative of -z**4/24 + 11*z**3/6 - z**2. What are the prime factors of a(0)?
11
Let c(f) = -f**3 - 3*f**2 - 2*f + 18. List the prime factors of c(-7).
2, 3, 19
Let t be 1/(-4) + 2/8. Suppose -c - c + 110 = t. Suppose 3*a = -2*a + c. What are the prime factors of a?
11
List the prime factors of (0 + -1)/(1/(-5)).
5
What are the prime factors of (7/(-14))/((-2)/116)?
29
Let i(l) = l**3 - 4*l**2 + 3*l + 6. What are the prime factors of i(4)?
2, 3
Let g = 15 + -3. Suppose 0 = -l + g - 5. What are the prime factors of l?
7
Let p be (-42)/(-15) + 2/10. Let y = -23 + 33. Suppose 0*x + y = p*v - x, -30 = -5*v + 5*x. What are the prime factors of v?
2
Let i be -2 - (3 + 2 - -1). Let p = i - -13. What are the prime factors of p?
5
Suppose -10 = -4*w + 14. Suppose -395 = -w*t - 65. List the prime factors of t.
5, 11
Let n(j) = -j**2 - 4*j + 8. Let d be n(-6). What are the prime factors of ((-12)/15)/(d/70)?
2, 7
Let n = -66 + 224. List the prime factors of n.
2, 79
List the prime factors of (94/(-6) + 3)*-3.
2, 19
Let w be -2 + 3 + (1 - 0). Suppose -26 = -2*o + 4*p, 3*o + w*p + 3*p - 61 = 0. Suppose -b = -4*v + 11 + o, 3*b = -5*v + 52. What are the prime factors of v?
2
Let z = -48 + 34. What are the prime factors of -2 - 2 - (z + -6)?
2
Suppose -j - j + 50 = 5*x, -5*j + 9 = -2*x. What are the prime factors of (x/(-2))/((-4)/10)?
2, 5
List the prime factors of 206/102*57 - (-6)/(-51).
5, 23
Suppose 51 = -4*c - i - 4*i, -5*c - 5*i - 60 = 0. Let m = c - -15. What are the prime factors of (-26)/(-4) + m/(-4)?
5
Let d(x) = 3*x**2 - 3*x + 4. Let c be ((-4)/10)/((-4)/40). Let i(r) = -3*r**2 + 4*r - 5. Let s(y) = c*d(y) + 3*i(y). What are the prime factors of s(2)?
13
Suppose q + 23 - 118 = 0. What are the prime factors of q?
5, 19
Let d(g) = -55*g - 1. Let s be d(-1). List the prime factors of ((-1)/3)/((-2)/s).
3
Let i(v) = -v**2 - 3*v + 10. Let b be i(-5). Suppose b = -3*y + 2*d + 63, -3*y - 3*d = 2*y - 105. What are the prime factors of y?
3, 7
Suppose -3*a + 8*a = -3*o + 17, -2*a = 5*o - 41. List the prime factors of (3/o)/(3/45).
5
Let l(s) = -s + 6. Let x be l(-7). Suppose g = -0*g + x. What are the prime factors of g?
13
Let h(w) = 2*w - 4*w + 3 - 4 - 5*w**3. Suppose 6*a - 4 = -10. What are the prime factors of h(a)?
2, 3
Suppose -o = 2*f, 2*o = o + f. Let q = 12 + o. What are the prime factors of q?
2, 3
Let y(t) = 2*t + 5. What are the prime factors of y(9)?
23
Suppose -r + 8 = -9. Let q be (4/2)/(1/r). Suppose 4*z + n = q, 0 = -2*z - 5*n + 2 + 6. List the prime factors of z.
3
Suppose 4*k - 3*y = 173, 213 = 4*k + 3*y + 2*y. Suppose 3*h - 25 = 2*h - 4*l, 5*l = -2*h + k. List the prime factors of h.
3, 7
Let z = -341 + 510. List the prime factors of z.
13
Suppose -3*b = -5*n - 23, -2*b + 0*b + 2*n + 14 = 0. List the prime factors of 2 - -33 - (4 - b).
37
Let t(q) = 4 + 4*q + 4*q - 4*q - 3*q. What are the prime factors of t(7)?
11
Let k(b) = 164*b**2 - 2*b + 1. Let m be k(1). Suppose 4*i = m - 11. What are the prime factors of i?
2, 19
Let i be (7/2)/(12/120). Suppose -43 = -3*t + i. List the prime factors of t.
2, 13
Let g(r) = -r - 30. Let y(o) = -o - 30. Let t(z) = 3*g(z) - 4*y(z). Let a be t(0). Suppose a = 2*m + m. What are the prime factors of m?
2, 5
What are the prime factors of -4*((-4420)/(-16))/(-5)?
13, 17
Let j(r) = 2*r**2 + 5*r + 16. What are the prime factors of j(-5)?
41
Let y = -84 - -90. Li